f h?
5
Let g = 29 + -18. Let i(u) = -6 - 2*u**2 - 7*u**2 + 13*u + 0 + 8*u**2. What is the units digit of i(g)?
6
Suppose 5*n + 4*x = 12042 + 5753, -2*n + 7090 = -4*x. What is the units digit of n?
5
Let l(t) = 4*t + 4. Let q be l(8). Let h(z) = z**3 + 9*z**2 + 20*z - 2. Let y be h(-6). Let n = q - y. What is the units digit of n?
0
Suppose -7*p - 9*p = -1984. What is the units digit of p?
4
Let m(f) = 44*f**3 - 4*f**2 + 75*f - 342. What is the tens digit of m(5)?
3
What is the units digit of (54306/(-315))/(1 - (-22)/(-20))?
4
Let b be (-2 - (0 - 2))/1. Suppose s + n = 3*s - 6, 5*s - 5*n - 15 = b. Suppose s*l + j - 46 = 0, l - 2*j = 4*l - 47. What is the units digit of l?
5
Suppose -21*f = 23*f - 32736. What is the hundreds digit of f?
7
Suppose 0 = 2*c - 8 + 4. Suppose 272 = 2*k - 2*a, -c*a = a + 15. What is the tens digit of k?
3
Suppose 0 = -7*y + 2*y + x - 8734, 4*x = -5*y - 8714. What is the units digit of y/(-90) - (-2)/(-5)?
9
Suppose -89 - 1506 = -11*z. What is the hundreds digit of z?
1
Suppose 0 = 4*a - 2*x + 1864, -2*a + 5*x - 625 = 323. What is the tens digit of a/(-18) + 38/171?
2
Let b = -64 + 180. Suppose 5*h = 2*h + 2*t + 106, -b = -3*h + 4*t. What is the units digit of h?
2
Let l(g) = g**2 + g + 31. Let c = 11 - 9. Suppose 0 = -c*v - 3*v. What is the units digit of l(v)?
1
Suppose 68 = 2*p - 3*u - 260, -2*u - 8 = 0. What is the tens digit of (-8 - -6)*p/(-4) + 0?
7
Let p(k) = -k**3 - 8*k**2 + k - 7. Let z(a) = -2*a**3 - 7*a**2 - 8. Let v(d) = 3*p(d) - 2*z(d). Let r be v(10). Let i = r - 8. What is the tens digit of i?
1
Let l(f) = f**3 - f**2 + 2*f + 778. What is the hundreds digit of l(0)?
7
Let o(g) be the third derivative of g**6/120 + g**5/60 + g**4/24 + 4*g**2. What is the tens digit of o(4)?
8
Suppose -4*k - 3*t - 77 = -2*k, -117 = 3*k + 4*t. Let o = -21 - k. What is the tens digit of o?
2
Let j be ((-243)/18)/(2/(-8)). Let c = -26 + j. What is the units digit of c?
8
Let i(b) = -382*b - 8. Let q be i(-2). Suppose -609 = -4*v + 6*j - j, -j = -5*v + q. What is the hundreds digit of v?
1
Suppose 69 + 9 = -3*c. Let q = 27 + c. What is the units digit of -1*((0 - q) + -4)?
5
Suppose -4*f = -15 + 7. Suppose f*y = 2 + 4. What is the tens digit of y*1*(-40)/(-12)?
1
Let y = -56 - -48. What is the units digit of ((-4)/(y/(-3)))/(6/(-356))?
9
Let y = 175 - -36. Suppose 4*t + h + 105 = -88, 4*t - 5*h + y = 0. Let z = t - -72. What is the units digit of z?
3
Let j = -28 - -17. Let i = 41 + j. What is the tens digit of i?
3
Let g = 284 - 196. What is the units digit of g?
8
Suppose 6*r + 73 = 5*r. What is the units digit of (1/(-1))/(-1)*r/(-1)?
3
Let w(g) = -18*g**3 + 5*g + 9. Let y be (1/5 - 1)/((-114)/(-285)). What is the units digit of w(y)?
3
What is the tens digit of ((-16)/(-24))/(4*(-3)/(-8442))?
6
Let u = 1078 + -629. Let q = 711 - u. What is the tens digit of q?
6
Let g(i) = i**2 + 6*i - 23. Let l be g(-9). Suppose 109 = 4*f + f + l*x, -x - 129 = -5*f. What is the tens digit of f?
2
Let k(n) = 2*n - 32. Let u be k(17). Suppose g + g = u*p + 94, -1 = p. What is the tens digit of g?
4
Let r = 53 - 37. Suppose -2*z + r = -16. What is the tens digit of z?
1
Let w = 1 + 2. Let n(c) = -w*c + 46 - 45 + 2*c. What is the units digit of n(-3)?
4
Suppose -64*x - 13602 = -5*p - 65*x, 8168 = 3*p + 4*x. What is the units digit of p?
0
Let h = 1628 - 343. What is the thousands digit of h?
1
What is the units digit of 12023/8 - (-19)/1520*10?
3
Let h(x) = 29*x - 11. Let d be h(15). Suppose -d = 5*v - 13*v. What is the tens digit of v?
5
Let d(h) = 2*h**3 - 2*h**2 - h + 2. Let s be d(1). Let g be (-4)/(-6)*(2 + s). Suppose -5*v + u = -70, 0 = -g*v - v - 2*u + 55. What is the tens digit of v?
1
Suppose 2*w - 40*b = -41*b + 8494, -5*w - 2*b + 21233 = 0. What is the hundreds digit of w?
2
What is the tens digit of 948/(-16)*4*(-2 - -1)?
3
What is the hundreds digit of (6 + -1)*(-28046)/(-185)?
7
Suppose -5*p + 6665 = -4*n, -p - 4*n - 4007 = -4*p. What is the tens digit of p?
2
Suppose 34*g = 26*g - 24. Suppose -3*q = 2 + 4. Let p = q - g. What is the units digit of p?
1
Let c(g) = 6*g**2 + 37*g - 321. What is the thousands digit of c(29)?
5
Let k(m) = -21*m**3 - 5*m**2 - 5*m + 6. Let u be k(-3). Suppose 5*w - u + 143 = 5*a, -2*w + 164 = 2*a. What is the units digit of w?
1
Suppose s = 6*s + 1285. Let n = -58 - s. What is the units digit of n?
9
What is the tens digit of (-1913)/(-5) + (-1029)/(-735)?
8
Let j = 38 - 30. Suppose j*q = 6*q + 142. What is the tens digit of q?
7
Suppose -9*b + 17 = -1. What is the units digit of (-720)/(-1 - 4) - 2*b?
0
Let x = -611 - -1047. What is the units digit of x?
6
Let g(i) be the second derivative of i**5/20 - 5*i**3/2 + 15*i**2/2 + 4*i. What is the tens digit of g(6)?
4
Let h(d) = -d**3 - 17*d**2 - 19*d - 2. Suppose -7*j = 21 + 91. What is the tens digit of h(j)?
4
Suppose 0 = 4*f - 4502 + 1710. Suppose -2*g = -3*k - 464, 0*g - 4*k = -3*g + f. What is the hundreds digit of g?
2
Suppose -1207 + 358 = -3*c. What is the tens digit of c?
8
What is the units digit of 2/((-10)/(-1095)) - -3?
2
What is the units digit of (-247052)/(-91) + 12/(-14)?
4
Suppose 5*m = 4*o - o + 4203, 0 = 3*m - 4*o - 2513. What is the hundreds digit of m?
8
Suppose -2*c - 28*m = -31*m - 181, 0 = 3*m - 3. What is the units digit of c?
2
Suppose -10 - 95 = 5*r. Let g = -19 - r. Suppose 5*f - 4*f = g, -3*m = -5*f - 110. What is the units digit of m?
0
Suppose -25 = -y - 4*y. Suppose z - 20 = -4*z. Suppose h = 4*x - 238, 0*x - 246 = -z*x + y*h. What is the units digit of x?
9
Let k be -1 + 3 + -7 - -1. Let m = k + 3. What is the units digit of ((-6)/(-9))/(m/(-30))?
0
Suppose 26*m = 16*m + 50990. What is the units digit of m?
9
Let p = 398 + 461. What is the units digit of p?
9
Let p be 3/2*208/6. Let h be (-2036)/p + (-4)/(-26). Let s = h + 70. What is the units digit of s?
1
Suppose -63*w = -61*w - 110. What is the tens digit of w?
5
Let a(d) = d**2 + 2*d - 4. Let u be a(0). Let f be 14*(2 + (u - -3)). Suppose -3*r + 3*k - 5 = -f, 2*r - 5 = k. What is the units digit of r?
2
Let a = 3211 - 1593. What is the tens digit of a?
1
Suppose -9177 = -5*f - i, 2*i + 1765 - 9103 = -4*f. What is the hundreds digit of f?
8
Suppose 3*y = -0*m - 3*m + 1359, -1826 = -4*y + 3*m. Suppose -5*a + 460 = 3*s, 3*s + 7*a = 3*a + y. What is the units digit of s?
5
Let l = 63 - -28. Let y = l - 88. What is the units digit of y?
3
Let u(a) = -a**2 - 14*a - 6. Suppose 2*o - 10 - 2 = l, -l - 12 = -3*o. What is the units digit of u(l)?
8
Let j be (1 + -1)/(14/(-7)). Suppose -5*z = -3*v - j*v + 30, 5*v = z + 28. What is the units digit of 14*(z/2 + 3)?
1
Let z(o) = -o**2 + 5*o. Let q be ((-4)/(-6))/(-1)*-6. Let s be z(q). What is the units digit of s/(2*(-1)/(-5))?
0
Let q = -10 + 12. Suppose -3*u - q*u - 590 = 0. Let x = u - -174. What is the units digit of x?
6
Suppose -12*b - j + 4334 = -7*b, -866 = -b - j. What is the units digit of b?
7
Let y(s) = -2*s**2 - 26*s - 24. Let u be y(-11). Suppose -3*l - u = l, m - 2*l - 187 = 0. What is the units digit of m?
7
Suppose 0 = -4*m - m + 20. Suppose -5*t + 167 = -m*l, 1 = l + 4. What is the units digit of t?
1
Let m(u) = -u**2 + 4*u - 2. Let l be m(3). What is the units digit of 9 - l - (-5 - -5)?
8
Suppose y - 56 = 5*y. Let h = y - -18. What is the units digit of -5 + 7 + 1*h?
6
Suppose 0 = -14*t + 17*t. Suppose 2*o = -3*g + 343, t = -3*o + 2*o - 1. What is the hundreds digit of g?
1
Let v be (6/8)/((-6)/(-24)) - -18. Let t = 82 - v. What is the units digit of t?
1
Let s(h) = -1072*h**3 - 9*h**2 - 11*h - 2. What is the tens digit of s(-1)?
7
Let z be (-18)/(-6) + -7 + -910. Let c = -607 - z. What is the hundreds digit of c?
3
Let j = 314 + -179. Let w = j - 82. What is the units digit of w?
3
Let u(d) = -5*d**2 + 307*d + 62. What is the tens digit of u(60)?
8
Suppose -21*u = -31*u + 1750. What is the hundreds digit of u?
1
Let k(n) = -39*n - 10. Let t be k(6). Let d = 373 + t. Suppose 84 = 3*p + 2*r - r, -d = -5*p + 2*r. What is the units digit of p?
7
Let p(f) = f**3 - 19*f**2 - 18*f - 28. Let l = -6 + 26. Let a be p(l). What is the tens digit of a/30 + 186/10?
1
Let i(h) = 2*h - 12. Let v be i(0). What is the units digit of (68/v + 1)*-3?
4
Let b(w) = 2*w + 5. Let g be b(-1). Suppose -3*x = -2*n + 243, -g*x + 